e -z*x - 14 + 50 = 0. What are the prime factors of x?
2, 3
Let o(h) = h - 9. Let c be o(7). Let u = 2 - c. What are the prime factors of u?
2
Suppose -5*s - 387 = -3*p, 11 = -4*s - 1. List the prime factors of p.
2, 31
Let r be 20*(3 - 15/12). Let k = r + -16. What are the prime factors of k?
19
Let i(m) = -m**3 - 7*m**2 - 6*m + 12. Let f be i(-6). Let x = f + -9. List the prime factors of x.
3
Let p = 128 - -20. What are the prime factors of p?
2, 37
Suppose 5*y - 5*r - 220 = 0, -y - 39 = -2*y - 4*r. What are the prime factors of y?
43
List the prime factors of ((-81)/1)/(-3) + -1.
2, 13
Let g(d) = 9*d - 5. Let k = 6 - 2. What are the prime factors of g(k)?
31
Let y(a) = -25*a - 6. What are the prime factors of y(-2)?
2, 11
Suppose 2*k - 66 = -5*i, 4*i + 4*k + 3 - 63 = 0. Let m = -1 + i. List the prime factors of m.
11
Let u be (1 + (-35)/1)*1. Let j = -21 - u. What are the prime factors of j?
13
Let s(u) = -u**2 - 4*u + 5. Let x be s(-5). Suppose -2 - 6 = -t + q, x = -2*t + 5*q + 19. Suppose -j = -t - 4. What are the prime factors of j?
11
Suppose 3*z + z - 16 = 0. Suppose -5*k - 20 = -5*o, 4*k - 2 - 6 = -4*o. Suppose 4*s = z*n - 0*s, 3*n + o*s = 30. What are the prime factors of n?
5
Suppose 3*h - 163 = 71. Suppose 5*y + 45 = -s - s, y + h = -5*s. Let i = -2 - s. List the prime factors of i.
13
Let t = 2 - 0. Let z(f) = -3 - 2 - 3*f + f**t + 5. What are the prime factors of z(5)?
2, 5
Suppose -10 + 2 = -4*n. Let x be 1*(2 + n + -1). Suppose 3*f = -x*o + 33, 2*f = -o + 7*f - 1. List the prime factors of o.
3
Suppose f + 690 = 6*f. What are the prime factors of f?
2, 3, 23
What are the prime factors of (-34 + 1)*((-48)/9)/8?
2, 11
Let d be ((-11)/3 + 3)*51. Let n = d + 62. List the prime factors of n.
2, 7
Suppose 120 = 4*q - 3*q. Suppose -5*j = -9*j + q. List the prime factors of j.
2, 3, 5
Let w(o) = -4*o**2 + 7*o**3 - 6*o**3 - 2 + 4. Let c be w(4). List the prime factors of 5/c*8/10.
2
Let n(v) = -2*v**3 - 15*v**2 - 6*v + 10. Let c be n(-7). Let u = 35 - 24. Let t = u - c. What are the prime factors of t?
2
Let x = 6 - 4. Suppose u + 60 = -x*u. List the prime factors of 174/8 + 15/u.
3, 7
Suppose -2*v + 63 = 5*w, 0 = -4*w - 2*v - 3*v + 47. List the prime factors of w.
13
Let m = -3 + 11. Suppose 2*s - 1 - 1 = 0. Suppose t - s = m. What are the prime factors of t?
3
Let j(b) = -b**2 + 4. Let g be j(0). Suppose -g*o + n + 0*n + 39 = 0, 0 = -5*o - n + 51. List the prime factors of (-14)/(-10) + 6/o.
2
Let c = -9 - -17. Suppose k = 3*j + 7, 0 = -3*j + c - 2. List the prime factors of k.
13
Let d = 20 + -29. Suppose c = -3*h - 6, 8 - 71 = 4*c - h. Let u = d - c. List the prime factors of u.
2, 3
Let z(b) = -b - 3. Let k be z(-5). Suppose -6*m + k*m + 121 = -5*r, -44 = -m + 4*r. What are the prime factors of m?
2, 3
Suppose -3*d + 3*k + 73 - 13 = 0, 3*d - 2*k = 65. List the prime factors of d.
5
Let z(h) be the third derivative of -h**5/60 + 7*h**4/24 - 5*h**3/6 - 2*h**2. Let c be z(4). Let s = c + 3. List the prime factors of s.
2, 5
Suppose 111 = 4*z - z. What are the prime factors of z?
37
What are the prime factors of 2 + (1 - 1 - -8)?
2, 5
List the prime factors of (0 - -3)*(-94)/(-6).
47
Let q be 1/(0 - 1/(-3)). Suppose -1 = -q*h - 10. List the prime factors of 10 - h/6*2.
11
Suppose -2*b = 5*f - 1237, -4*f + 2*b + 2*b + 1012 = 0. List the prime factors of f.
3, 83
Let o(x) = 2*x**2 + x + 1. Suppose 2*s + 5*m - 2 = s, 5*s - 4*m = 10. List the prime factors of o(s).
11
Let s = -36 + 74. What are the prime factors of s?
2, 19
List the prime factors of 120 + 0 + (-1 - -2).
11
Let b be ((-2)/(-4))/((-3)/6). Let y(v) be the third derivative of -v**6/6 + v**4/24 - 3*v**2. List the prime factors of y(b).
19
Let b = 11 + -8. Suppose -12 = b*d - 0*d. What are the prime factors of d/16 - (-34)/8?
2
Let m = 95 - 65. Suppose 0*h - h = -m. What are the prime factors of h*((-3)/3)/(-3)?
2, 5
Let m = 1 - 1. Suppose m = -4*h + v + 57, 8 - 58 = -5*h - 3*v. List the prime factors of h.
13
Suppose -3*f + 4 = -f. Suppose v = 5*k - 0*v - 17, v + 5 = f*k. List the prime factors of k.
2
Suppose 5*u = -2*d - 28, -5*d - 40 = 4*u + u. Let h = 11 + d. List the prime factors of h.
7
Let x be -3 + (-1 - -6*1) + 6. Suppose 2*k - 38 = -4*a, 2*a - k = 19 + 6. Let r = a - x. What are the prime factors of r?
3
Let a be -46 + -1*(1 + -1). Let b = a - -70. List the prime factors of b.
2, 3
Let d = -8 - -22. Let z be 346/10 + (-10)/175*-7. Suppose n = 5*t - 4*n - z, 2*t - n = d. List the prime factors of t.
7
Suppose -4*b + 24 - 4 = 0. Suppose 0 = -0*r + r - b. Suppose -8 = -r*u + 2. What are the prime factors of u?
2
Let y(d) = 3*d**2 + d + 1. Let j be y(2). List the prime factors of (j/(-25))/(2/(-10)).
3
Let y = -9 - -14. What are the prime factors of y?
5
Let k(x) = -x**3 - x**2 + x + 13. Let b(h) = h**2 - 5*h - 6. Let r be b(6). List the prime factors of k(r).
13
Let u(p) be the second derivative of 1/6*p**3 + 0 - 2*p + 0*p**2. What are the prime factors of u(4)?
2
Let s(x) = x**2 - 4*x + 1. Let z be s(6). Let u be 0/(-1) - (4 + -6). Let f = z + u. List the prime factors of f.
3, 5
Suppose 0 = -w - 5 + 178. What are the prime factors of w?
173
Let c = 15 + 1. List the prime factors of c.
2
Let r = -16 + 46. List the prime factors of r.
2, 3, 5
Let v(r) = 0*r + 8*r**3 - 2*r**2 - r**3 + r. Let g = -5 + 6. List the prime factors of v(g).
2, 3
Suppose d = 25 + 30. Let o = -37 + d. List the prime factors of o.
2, 3
Let h(f) = 3*f - 4. Let z be h(3). Suppose -z*d + 22 = -3*m, -2 - 7 = -d - 4*m. Suppose 113 = d*v + 18. List the prime factors of v.
19
What are the prime factors of (-279)/(-39) + 4/(-26)?
7
Let c = 16 + -8. List the prime factors of c.
2
Let w(u) = -2*u**3 - 2*u**2 + 4*u + 3. Let f be w(-3). Suppose 0 = -n - 2*n - f. What are the prime factors of ((-2)/(-3))/((-2)/n)?
3
Let y(l) = l**3 + 14*l**2 - 16*l + 23. What are the prime factors of y(-13)?
2, 5
Suppose h + 2*j - 32 = 0, 0 = j + 1 - 6. What are the prime factors of h?
2, 11
Let i(k) = 2*k**2 + 3*k**2 - 4*k - 2 - 4*k**2 - 4. List the prime factors of i(-5).
3, 13
Let f = -103 - -106. What are the prime factors of f?
3
Let a = 5 + -1. Let k be (-40)/(-18) - a/18. Suppose 0 = -3*d - 0*d - 3*f + 57, 0 = k*d - 5*f - 3. List the prime factors of d.
2, 7
Let c(g) = -2*g - 10. Let w be c(-9). Suppose 2*h = -0 - 6, m + 3*h = -w. Let d = 2 + m. What are the prime factors of d?
3
Suppose 721 - 81 = 5*g. Suppose 4*x + 0 = g. What are the prime factors of x?
2
Let h(a) = 3*a**2 + 29*a - 7. List the prime factors of h(-12).
7, 11
List the prime factors of ((-38)/(-4))/(1/2).
19
Suppose -n + 1 - 3 = 0. Let w = 5 + n. What are the prime factors of 14/w + 1/3?
5
List the prime factors of (2 - -23) + 2/(-1).
23
Let l(y) be the third derivative of -y**6/720 + y**5/60 - y**4/12 + y**2. Let j(u) be the second derivative of l(u). List the prime factors of j(-3).
5
Let t(l) = -l**3 + 3*l**2 + 3. Let w be t(3). List the prime factors of w*(-172)/12*-1.
43
Suppose 94 = 2*v + 3*o, -3*o = -5*o. List the prime factors of v.
47
What are the prime factors of (-19)/(-3) - 18/(-27)?
7
Suppose 12 = 2*z - 0*z. Suppose 2*v - z*v + 2*h = -10, v - 3*h + 10 = 0. What are the prime factors of v?
5
Suppose 4*j + 0*j = 304. What are the prime factors of j?
2, 19
Suppose -2*w - 93 = -417. What are the prime factors of w?
2, 3
List the prime factors of (52 + 2)*6/12.
3
Suppose -j = 4*j - 35. What are the prime factors of 0/2 + -2 + j?
5
Suppose -3 = -4*r + 13. Let g be (-21)/(-4) - 1/r. Suppose -5 - 10 = -g*j. List the prime factors of j.
3
Let z(x) = x**2 + 4*x - 3. Suppose 10 = -2*l + 4*l. Let k be ((-2)/l)/(1/(-5)). List the prime factors of z(k).
3
Let l(p) = p**3 - 6*p**2 + p - 6. Let m be l(6). Let o = 49 - m. List the prime factors of o.
7
Let q(c) = -16*c + 4. Let f be q(-3). Let z = f - 27. List the prime factors of z.
5
Suppose 0 = 3*h - 5*r - 385, 4*h - 352 = -4*r + 108. What are the prime factors of h?
2, 3, 5
Let w(h) = -3*h**2 - 3*h - 3. Let b be w(-2). Let u = 16 + b. Let t = u + -3. What are the prime factors of t?
2
Suppose -4 = -2*v - 2. Let z(n) = 27*n**3 - 2*n**2 + 1. Let c be z(v). Suppose 0 = 4*a + 5*i - c, -2*a + 24 = -2*i - i. What are the prime factors of a?
3
Let h be (-14)/35 - 2/(-5). Suppose 2*w - w - 23 = h. What a